{"id":15,"date":"2011-07-25T07:43:02","date_gmt":"2011-07-25T06:43:02","guid":{"rendered":"http:\/\/www.edav.es\/?page_id=15"},"modified":"2026-01-14T10:41:09","modified_gmt":"2026-01-14T09:41:09","slug":"edav","status":"publish","type":"page","link":"https:\/\/www.edav.es\/es\/edav\/","title":{"rendered":"EDAV"},"content":{"rendered":"<h2>Presentaci\u00f3n<\/h2>\n<p>Escriptors de l\u2019Audiovisual Valenci\u00e0 (EDAV), es una asociaci\u00f3n de guionistas fundada en 1995 que engloba a los guionistas de la Comunidad Valenciana. Hasta mayo de 2007 la asociaci\u00f3n llev\u00f3 el nombre E.V.A, fecha en la que se refund\u00f3 bajo el nombre de E.D.A.V con el objetivo de velar por los intereses y aspiraciones del colectivo. En la actualidad cuenta con 189 socios, m\u00e1s de un 95% de los guionistas profesionales valencianos del cine o la televisi\u00f3n, o autores de alg\u00fan gui\u00f3n audiovisual.<\/p>\n<h2>EDAV asume como fines principales:<\/h2>\n<ul>\n<li>La representaci\u00f3n, defensa y promoci\u00f3n de los intereses comunes de los asociados, en el \u00e1mbito cultural, profesional, econ\u00f3mico y social.<\/li>\n<li>La representaci\u00f3n de los intereses generales de la profesi\u00f3n frente a las diferentes administraciones, instituciones, empresas y otros colectivos de \u00e1mbito auton\u00f3mico, estatal e internacional, participando en los \u00f3rganos consultivos de las mismas cuando sea necesario, defendiendo los derechos reconocidos por la Ley de la Propiedad Intelectual.<\/li>\n<li>La difusi\u00f3n social y cultural de la profesi\u00f3n de guionista de medios audiovisuales y su labor en los medios.<\/li>\n<li>El fomento de la solidaridad de sus asociados a trav\u00e9s de la promoci\u00f3n y creaci\u00f3n de servicios comunes de tipo asistencial.<\/li>\n<li>El impulso de la formaci\u00f3n continua de los guionistas.<\/li>\n<li>La dinamizaci\u00f3n econ\u00f3mica y cultural del sector audiovisual valenciano.<\/li>\n<\/ul>\n<h2>Las actividades de EDAV son muy diversas:<\/h2>\n<ul>\n<li>Coordina la defensa de los intereses de los guionistas frente a los productores.<\/li>\n<li>Participa como Asociaci\u00f3n en el Foro de Asociaciones de Guionistas Audiovisuales (FAGA) en la Federaci\u00f3n de Guionistas de Europa (FSE), y en todas aquellas entidades o plataformas de futura constituci\u00f3n acordes con los fines de la Asociaci\u00f3n.<\/li>\n<li>Reclama la presencia de los cr\u00e9ditos correspondientes al gui\u00f3n en las obras audiovisuales, as\u00ed como la justa participaci\u00f3n en los resultados econ\u00f3micos de la explotaci\u00f3n de sus obras y de sus derechos.<\/li>\n<li>Potencia la imagen del guionista a trav\u00e9s del apoyo, participaci\u00f3n u organizaci\u00f3n de eventos, como premios a guiones, concursos, festivales cinematogr\u00e1ficos nacionales o internacionales. En este sentido, EDAV ha organizado el I y el II Encuentro de Guionistas, el primer evento que re\u00fane a m\u00e1s de 200 profesionales de la escritura de cine y televisi\u00f3n en Espa\u00f1a.<\/li>\n<\/ul>\n<h2>Junta Directiva<\/h2>\n<ul>\n<li><strong>Presidente:<\/strong> Rafael Casa\u00f1 Garnelo<\/li>\n<li><strong>Vicepresidenta:<\/strong> Anna Juesas Garc\u00eda<\/li>\n<li><strong>Secretario:<\/strong> Luis Eduardo P\u00e9rez Cuevas<\/li>\n<li><strong>Tesorera: <\/strong>Ana Piles Gim\u00e9nez<\/li>\n<\/ul>\n<h2>Vocales<\/h2>\n<ul>\n<li>Marisa Crespo Abril<\/li>\n<li>Pilar Paredes Garc\u00eda<\/li>\n<li>Beatriz Garc\u00eda Al\u00f3s<\/li>\n<li>Rafa Ferrero Franc\u00e9s<\/li>\n<li>Alberto Evangelio Ramos<\/li>\n<li>H\u00e9ctor Beltr\u00e1n Gimeno<\/li>\n<li>Sergio Tellols Rizo<\/li>\n<\/ul>\n<h2>Coordinadora<\/h2>\n<ul>\n<li>Teresa Cebri\u00e1n<\/li>\n<\/ul>\n<h3>\u00a0<strong>Descarga aqu\u00ed los <a href=\"http:\/\/www.edav.es\/wp-content\/uploads\/Estatutos-EDAV_-2011.pdf\">Estatutos de EDAV<\/a><\/strong><\/h3>\n","protected":false},"excerpt":{"rendered":"<p>Presentaci\u00f3n Escriptors de l\u2019Audiovisual Valenci\u00e0 (EDAV), es una asociaci\u00f3n de guionistas fundada en 1995 que engloba a los guionistas de la Comunidad Valenciana. Hasta mayo de 2007 la asociaci\u00f3n llev\u00f3 el nombre E.V.A, fecha en la que se refund\u00f3 bajo el nombre de E.D.A.V con el objetivo de velar por los intereses y aspiraciones del &#8230; <a title=\"EDAV\" class=\"read-more\" href=\"https:\/\/www.edav.es\/es\/edav\/\" aria-label=\"Leer m\u00e1s sobre EDAV\">Leer m\u00e1s<\/a><\/p>\n","protected":false},"author":318,"featured_media":0,"parent":0,"menu_order":10,"comment_status":"closed","ping_status":"closed","template":"","meta":{"_acf_changed":false,"generate_page_header":"","footnotes":""},"class_list":{"0":"post-15","1":"page","2":"type-page","3":"status-publish","5":"infinite-scroll-item"},"acf":[],"aioseo_notices":[],"_links":{"self":[{"href":"https:\/\/www.edav.es\/es\/wp-json\/wp\/v2\/pages\/15","targetHints":{"allow":["GET"]}}],"collection":[{"href":"https:\/\/www.edav.es\/es\/wp-json\/wp\/v2\/pages"}],"about":[{"href":"https:\/\/www.edav.es\/es\/wp-json\/wp\/v2\/types\/page"}],"author":[{"embeddable":true,"href":"https:\/\/www.edav.es\/es\/wp-json\/wp\/v2\/users\/318"}],"replies":[{"embeddable":true,"href":"https:\/\/www.edav.es\/es\/wp-json\/wp\/v2\/comments?post=15"}],"version-history":[{"count":34,"href":"https:\/\/www.edav.es\/es\/wp-json\/wp\/v2\/pages\/15\/revisions"}],"predecessor-version":[{"id":12228,"href":"https:\/\/www.edav.es\/es\/wp-json\/wp\/v2\/pages\/15\/revisions\/12228"}],"wp:attachment":[{"href":"https:\/\/www.edav.es\/es\/wp-json\/wp\/v2\/media?parent=15"}],"curies":[{"name":"wp","href":"https:\/\/api.w.org\/{rel}","templated":true}]}}

<h2>Presentación</h2>
<p>Escriptors de l’Audiovisual Valencià (EDAV), es una asociación de guionistas fundada en 1995 que engloba a los guionistas de la Comunidad Valenciana. Hasta mayo de 2007 la asociación llevó el nombre E.V.A, fecha en la que se refundó bajo el nombre de E.D.A.V con el objetivo de velar por los intereses y aspiraciones del colectivo. En la actualidad cuenta con 189 socios, más de un 95% de los guionistas profesionales valencianos del cine o la televisión, o autores de algún guión audiovisual.</p>
<h2>EDAV asume como fines principales:</h2>
<ul>
<li>La representación, defensa y promoción de los intereses comunes de los asociados, en el ámbito cultural, profesional, económico y social.</li>
<li>La representación de los intereses generales de la profesión frente a las diferentes administraciones, instituciones, empresas y otros colectivos de ámbito autonómico, estatal e internacional, participando en los órganos consultivos de las mismas cuando sea necesario, defendiendo los derechos reconocidos por la Ley de la Propiedad Intelectual.</li>
<li>La difusión social y cultural de la profesión de guionista de medios audiovisuales y su labor en los medios.</li>
<li>El fomento de la solidaridad de sus asociados a través de la promoción y creación de servicios comunes de tipo asistencial.</li>
<li>El impulso de la formación continua de los guionistas.</li>
<li>La dinamización económica y cultural del sector audiovisual valenciano.</li>
</ul>
<h2>Las actividades de EDAV son muy diversas:</h2>
<ul>
<li>Coordina la defensa de los intereses de los guionistas frente a los productores.</li>
<li>Participa como Asociación en el Foro de Asociaciones de Guionistas Audiovisuales (FAGA) en la Federación de Guionistas de Europa (FSE), y en todas aquellas entidades o plataformas de futura constitución acordes con los fines de la Asociación.</li>
<li>Reclama la presencia de los créditos correspondientes al guión en las obras audiovisuales, así como la justa participación en los resultados económicos de la explotación de sus obras y de sus derechos.</li>
<li>Potencia la imagen del guionista a través del apoyo, participación u organización de eventos, como premios a guiones, concursos, festivales cinematográficos nacionales o internacionales. En este sentido, EDAV ha organizado el I y el II Encuentro de Guionistas, el primer evento que reúne a más de 200 profesionales de la escritura de cine y televisión en España.</li>
</ul>
<h2>Junta Directiva</h2>
<ul>
<li><strong>Presidente:</strong> Rafael Casañ Garnelo</li>
<li><strong>Vicepresidenta:</strong> Anna Juesas García</li>
<li><strong>Secretario:</strong> Luis Eduardo Pérez Cuevas</li>
<li><strong>Tesorera: </strong>Ana Piles Giménez</li>
</ul>
<h2>Vocales</h2>
<ul>
<li>Marisa Crespo Abril</li>
<li>Pilar Paredes García</li>
<li>Beatriz García Alós</li>
<li>Rafa Ferrero Francés</li>
<li>Alberto Evangelio Ramos</li>
<li>Héctor Beltrán Gimeno</li>
<li>Sergio Tellols Rizo</li>
</ul>
<h2>Coordinadora</h2>
<ul>
<li>Teresa Cebrián</li>
</ul>
<h3> <strong>Descarga aquí los <a href="http://www.edav.es/wp-content/uploads/Estatutos-EDAV_-2011.pdf">Estatutos de EDAV</a></strong></h3>

<p>Presentación Escriptors de l’Audiovisual Valencià (EDAV), es una asociación de guionistas fundada en 1995 que engloba a los guionistas de la Comunidad Valenciana. Hasta mayo de 2007 la asociación llevó el nombre E.V.A, fecha en la que se refundó bajo el nombre de E.D.A.V con el objetivo de velar por los intereses y aspiraciones del &#8230; <a title="EDAV" class="read-more" href="https://www.edav.es/es/edav/" aria-label="Leer más sobre EDAV">Leer más</a></p>
